 -12141031 - -4?
-12141022
In base 5, what is 10203230 - 2?
10203223
In base 14, what is 57012 + -5?
5700b
In base 15, what is 140 + 910?
a50
In base 9, what is 14351 - -3?
14354
In base 7, what is 0 - -60162?
60162
In base 11, what is 0 - 389694?
-389694
In base 8, what is 10 + -56575?
-56565
In base 5, what is -10411 - -34?
-10322
In base 8, what is -2 + -12715?
-12717
In base 10, what is -3 - -40991?
40988
In base 10, what is 43210 - -1?
43211
In base 9, what is 53 - 147?
-84
In base 8, what is 3722 - 773?
2727
In base 15, what is 381872 + 0?
381872
In base 14, what is -4 - -18546b?
185467
In base 12, what is -1750812 + 0?
-1750812
In base 2, what is -101001 + -1101110111?
-1110100000
In base 4, what is 22102021 - 1?
22102020
In base 8, what is 4355 + 12?
4367
In base 14, what is -15 - 233d?
-2354
In base 3, what is 2121122 - 10021?
2111101
In base 13, what is -5 + a081?
a079
In base 13, what is 1 + 9425?
9426
In base 16, what is -8 + -331?
-339
In base 5, what is -202 + -44224?
-44431
In base 3, what is -1002010012221 - 12?
-1002010020010
In base 5, what is 14424 - 13?
14411
In base 4, what is -1 - 1111030331?
-1111030332
In base 8, what is -1 - 3145?
-3146
In base 10, what is 3 + 328180?
328183
In base 3, what is 1212 - 122001221?
-122000002
In base 12, what is 1472 + 24?
1496
In base 6, what is 1040235 + -3?
1040232
In base 9, what is -10424 + -2?
-10426
In base 6, what is -3 + -20124345?
-20124352
In base 8, what is -125411 + 1?
-125410
In base 15, what is e73 + a?
e7d
In base 8, what is 24637 - -3?
24642
In base 11, what is -20886 - 8?
-20893
In base 11, what is 3 - 50166?
-50163
In base 10, what is -29 + -2789?
-2818
In base 6, what is -232 + -2301?
-2533
In base 9, what is 530 - -62?
602
In base 11, what is 480 - 249?
232
In base 8, what is 71 - -12130?
12221
In base 12, what is -611 + -7?
-618
In base 4, what is 21 + 1232101?
1232122
In base 2, what is 10 + -111111101100111110?
-111111101100111100
In base 9, what is -2566 - -1625?
-841
In base 8, what is 610 + -16?
572
In base 7, what is 3 - 10342520?
-10342514
In base 11, what is -473 + -5?
-478
In base 7, what is 24344 + -21?
24323
In base 9, what is 1703 + -72?
1621
In base 6, what is 415414 - -5?
415423
In base 13, what is cb5b6 + 1?
cb5b7
In base 16, what is -348 - -a14?
6cc
In base 3, what is -12 + -1120101012110?
-1120101012122
In base 10, what is 5 + -101292?
-101287
In base 12, what is -3 + -a179?
-a180
In base 10, what is -35 + 38944?
38909
In base 13, what is -15c - -23?
-139
In base 7, what is 4 + -1232500?
-1232463
In base 5, what is 1224 + 12223?
14002
In base 11, what is 0 - -3861?
3861
In base 9, what is 240327 + 4?
240332
In base 7, what is 3 - -156242?
156245
In base 16, what is -7 - c7c?
-c83
In base 3, what is 1110202 - 21?
1110111
In base 7, what is -4 + -51010?
-51014
In base 12, what is 3 + 164505?
164508
In base 2, what is -100101110011111101 + -1?
-100101110011111110
In base 4, what is -32 + -1203323?
-1210021
In base 15, what is 16 - -2446?
245c
In base 2, what is 1 - 10111011101100?
-10111011101011
In base 2, what is 1000001100 + 101100?
1000111000
In base 13, what is 2 - 6917?
-6915
In base 11, what is -6 + 1a3004?
1a2aa9
In base 2, what is -1101 - 1011010111101111?
-1011010111111100
In base 8, what is 2064047 - 4?
2064043
In base 6, what is 5 + 4301545?
4301554
In base 11, what is 77519 + 4?
77522
In base 16, what is -3 + -1503?
-1506
In base 4, what is -10211313 + 32?
-10211221
In base 14, what is 14c38 - 17?
14c21
In base 3, what is -12112001 - -101?
-12111200
In base 9, what is -1 - -1727?
1726
In base 2, what is 11 - 100010000111010111?
-100010000111010100
In base 2, what is 1001011 + -1010101000?
-1001011101
In base 9, what is 2285 - -47?
2343
In base 9, what is 14181 - -1?
14182
In base 7, what is -51 + 63605?
63524
In base 5, what is -44 - -30123000?
30122401
In base 3, what is 20122201212 - 11?
20122201201
In base 4, what is 303100221 + 11?
303100232
In base 8, what is -1132 - 14?
-1146
In base 5, what is 4 + 11310?
11314
In base 11, what is -5 - 748?
-752
In base 3, what is 112001 + 11012?
200020
In base 16, what is -1dcf - 7?
-1dd6
In base 12, what is 11 + 32962?
32973
In base 14, what is 1375a1 - 3?
13759c
In base 10, what is 36169 + -14?
36155
In base 4, what is -2 - -2210323?
2210321
In base 11, what is 31933 - 2?
31931
In base 16, what is -4e8 + 1fd?
-2eb
In base 11, what is 98a + 304?
1193
In base 16, what is -2c3 - be7?
-eaa
In base 12, what is -50a70 + 7?
-50a65
In base 3, what is -22221122 + 1?
-22221121
In base 3, what is -111 - -110011?
102200
In base 9, what is -5048 + 32?
-5016
In base 13, what is -3 + 5ab67?
5ab64
In base 10, what is -3620 - -7?
-3613
In base 4, what is 0 - -130222311?
130222311
In base 3, what is -1000201 + 11120000?
10112022
In base 6, what is 152 + 110145?
110341
In base 12, what is -5 + 58122?
58119
In base 10, what is -6 - 3631?
-3637
In base 5, what is 3141133 + 3?
3141141
In base 9, what is -28562 + -4?
-28566
In base 15, what is -2db + 40?
-29b
In base 15, what is 3 + 47a8a?
47a8d
In base 9, what is 5 - 1088708?
-1088703
In base 11, what is -614 + 871?
258
In base 9, what is 18 - -4803?
4822
In base 16, what is 1938 + 4?
193c
In base 6, what is 1000 - 2054?
-1054
In base 4, what is -2133331 + -1?
-2133332
In base 2, what is -10101011000000010001 - 0?
-10101011000000010001
In base 3, what is -2 - -21000020?
21000011
In base 14, what is 264858 - -3?
26485b
In base 5, what is 2 + 33004041?
33004043
In base 9, what is 34 - 16825?
-16781
In base 12, what is -187 - 9138?
-9303
In base 11, what is 5161 - 2?
515a
In base 8, what is -4301 + 24?
-4255
In base 14, what is d + -d26?
-d17
In base 15, what is -12b0 - -270?
-1040
In base 11, what is -87705 + 0?
-87705
In base 13, what is -7315 - 0?
-7315
In base 10, what is -1 - 251744?
-251745
In base 11, what is -5 - 91a9?
-9203
In base 2, what is 101 - -100101111001?
100101111110
In base 14, what is -30 - 80c3?
-8113
In base 14, what is -251 - 4?
-255
In base 11, what is 51 - -17732?
17783
In base 15, what is 5 - -128d6?
128db
In base 9, what is -8 - -61310?
61301
In base 2, what is 100101 - 100000110?
-11100001
In base 6, what is -3450425 + 0?
-3450425
In base 13, what is c724 + -5?
c71c
In base 11, what is -33a93 + 9?
-33a85
In base 7, what is -11 + 5232335?
5232324
In base 12, what is -1 + 15031a?
150319
In base 10, what is -3 - -38334?
38331
In base 15, what is 3c89b + -a?
3c891
In base 11, what is -10912 - 25?
-10937
In base 8, what is 1343641 - -11?
1343652
In base 10, what is 3298920 + 2?
3298922
In base 11, what is 144829 - -3?
144831
In base 13, what is 9 - -9b3c?
9b48
In base 9, what is 1 + -2211615?
-2211614
In base 12, what is 1a5a7 + 2?
1a5a9
In base 2, what is 10000011101010001 + 101?
10000011101010110
In base 14, what is -193132 + -1?
-193133
In base 5, what is 2424142 - 22?
2424120
In base 15, what is 95 - 1a2?
-10c
In base 7, what is 5102155 + 1?
5102156
In base 14, what is 29 + 11395?
113c0
In base 7, what is 141101 - 1?
141100
In base 12, what is -12 - -722?
710
In base 16, what is -390 - b?
-39b
In base 5, what is -2 + 12010430?
12010423
In base 9, what is -4 + -7231?
-7235
In base 10, what is -6784 - 6?
-6790
In base 10, what is -5 - -253388?
253383
In base 3, what is 2 - -2002100000?
2002100002
In base 13, what is -b61 - 3?
-b64
In base 11, what is -87a5 - -6?
-879a
In base 11, what is 89a - -2656?
3445
In base 3, what is 1 - 22100002022?
-22100002021
In base 6, what is 225431 - -10?
225441
In base 4, what is -313110231 - -11?
-313110220
In base 7, what is 511564 - 5?
511556
In base 5, what is 2120 + 301330?
304000
In base 9, what is -2146014 - -2?
-2146012
In base 2, what is -100011011101101100 - 10?
-100011011101101110
In base 6, what is 1 - -14054?
14055
In base 3, what is 11 - 211122201?
-211122120
In base 5, what is 2 + 134233342?
134233344
In base 6, what is -454 - 11?
-505
In base 2, what is 1111011100001 + 110?
1111011100111
In base 13, what is 5 - 1275?
-1270
In base 15, what is -7 - 999?
-9a1
In base 14, what is -116 - 31c?
-434
In base 11, what is 230490 - -1?
230491
In base 14, what is 228 - -d1?
319
In base 6, what is -31440455 + -1?
-31440500
In base 16, what is -71f46 + -4?
-71f4a
In base 2, what is -1 + -11111111111100?
-11111